ommon factor of 1496 and 17?
17
Calculate the greatest common factor of 24 and 8.
8
Calculate the greatest common factor of 25377 and 11.
11
Calculate the greatest common divisor of 7 and 6944.
7
What is the highest common divisor of 19 and 57?
19
What is the highest common factor of 160 and 415?
5
What is the highest common factor of 50 and 2?
2
Calculate the highest common factor of 6336 and 432.
144
What is the greatest common divisor of 32 and 288?
32
Calculate the greatest common factor of 364 and 1008.
28
What is the highest common divisor of 17556 and 396?
132
Calculate the highest common divisor of 475 and 425.
25
What is the highest common divisor of 120 and 1380?
60
What is the highest common factor of 10 and 3305?
5
What is the highest common divisor of 896 and 14?
14
What is the greatest common divisor of 30 and 18?
6
Calculate the highest common factor of 9 and 261.
9
What is the greatest common divisor of 8 and 4704?
8
What is the highest common divisor of 16 and 496?
16
What is the highest common divisor of 159 and 33?
3
Calculate the greatest common divisor of 3 and 5745.
3
What is the greatest common divisor of 50 and 2090?
10
What is the greatest common factor of 3043 and 179?
179
What is the highest common factor of 185 and 518?
37
What is the highest common divisor of 1072 and 201?
67
What is the highest common divisor of 110 and 44?
22
Calculate the highest common divisor of 2627 and 355.
71
Calculate the highest common divisor of 588 and 12.
12
Calculate the highest common factor of 1573 and 364.
13
What is the highest common divisor of 174 and 1131?
87
What is the greatest common factor of 38 and 9918?
38
Calculate the highest common divisor of 189 and 54.
27
What is the greatest common factor of 8510 and 414?
46
What is the highest common divisor of 99 and 99?
99
What is the highest common divisor of 164 and 410?
82
What is the greatest common factor of 505 and 2727?
101
Calculate the highest common divisor of 2565 and 135.
135
Calculate the greatest common divisor of 435 and 10.
5
What is the highest common divisor of 468 and 416?
52
Calculate the greatest common divisor of 473 and 22.
11
Calculate the highest common factor of 96 and 1032.
24
What is the greatest common divisor of 390 and 810?
30
Calculate the highest common divisor of 429 and 7371.
39
Calculate the greatest common divisor of 16 and 72.
8
Calculate the highest common factor of 819 and 28.
7
Calculate the greatest common divisor of 36 and 44.
4
What is the greatest common divisor of 3441 and 111?
111
What is the highest common divisor of 1341 and 18?
9
What is the highest common factor of 516 and 24?
12
Calculate the highest common factor of 343 and 49.
49
Calculate the greatest common divisor of 10 and 65.
5
Calculate the highest common divisor of 133 and 646.
19
What is the highest common factor of 9 and 378?
9
Calculate the greatest common divisor of 4 and 108.
4
What is the highest common divisor of 556 and 9730?
278
Calculate the greatest common factor of 361 and 57.
19
What is the highest common divisor of 96 and 6000?
48
What is the greatest common divisor of 330 and 1518?
66
Calculate the greatest common factor of 5216 and 32.
32
What is the highest common divisor of 1470 and 1050?
210
What is the highest common divisor of 48 and 256?
16
Calculate the greatest common divisor of 3263 and 39.
13
Calculate the greatest common factor of 2678 and 52.
26
What is the highest common divisor of 756 and 308?
28
Calculate the highest common divisor of 44 and 49082.
22
What is the greatest common divisor of 3766 and 14?
14
What is the highest common factor of 7 and 574?
7
What is the highest common divisor of 1 and 81?
1
What is the highest common factor of 32 and 6264?
8
What is the greatest common divisor of 20636 and 56?
28
Calculate the greatest common factor of 2 and 256.
2
Calculate the highest common divisor of 12 and 4.
4
What is the highest common factor of 8 and 3?
1
What is the greatest common factor of 3 and 9?
3
Calculate the greatest common divisor of 81 and 63.
9
Calculate the highest common factor of 69 and 3381.
69
What is the greatest common divisor of 99 and 1827?
9
Calculate the highest common factor of 64 and 80.
16
What is the highest common divisor of 612 and 136?
68
What is the highest common divisor of 27 and 549?
9
Calculate the highest common factor of 954 and 576.
18
Calculate the greatest common divisor of 736 and 64.
32
Calculate the greatest common factor of 270 and 1728.
54
Calculate the highest common divisor of 12 and 1212.
12
What is the highest common divisor of 18 and 342?
18
Calculate the highest common factor of 2189 and 22.
11
Calculate the greatest common factor of 1269 and 27.
27
Calculate the greatest common factor of 22 and 10.
2
Calculate the highest common divisor of 1421 and 3857.
203
What is the highest common factor of 70202 and 22?
22
Calculate the highest common factor of 1140 and 15.
15
What is the highest common divisor of 432 and 64?
16
What is the greatest common factor of 390 and 300?
30
What is the highest common divisor of 92 and 207?
23
Calculate the highest common factor of 27 and 843.
3
What is the highest common divisor of 62 and 5549?
31
What is the greatest common factor of 1305 and 18?
9
Calculate the greatest common factor of 20 and 25.
5
What is the greatest common factor of 594 and 44?
22
What is the highest common divisor of 4 and 53472?
4
Calculate the highest common divisor of 548 and 8.
4
What is the greatest common divisor of 611 and 423?
47
Calculate the highest common divisor of 88638 and 158.
158
Calculate the greatest common factor of 4564 and 4.
4
Calculate the highest common factor of 152 and 64.
8
Calculate the greatest common factor of 7 and 1183.
7
What is the greatest common factor of 87 and 3944?
29
Calculate the greatest common divisor of 1428 and 924.
84
Calculate the highest common divisor of 520 and 30.
10
Calculate the greatest common divisor of 21 and 24.
3
Calculate the greatest common divisor of 106 and 8374.
106
What is the highest common factor of 2 and 178?
2
Calculate the greatest common factor of 164 and 574.
82
What is the greatest common factor of 21 and 18?
3
What is the greatest common divisor of 155 and 62?
31
Calculate the highest common factor of 270 and 20.
10
What is the highest common divisor of 40 and 90?
10
What is the highest common factor of 25 and 925?
25
What is the highest common divisor of 133 and 21?
7
Calculate the highest common factor of 507 and 117.
39
Calculate the highest common divisor of 2 and 7.
1
Calculate the greatest common factor of 3434 and 2222.
202
What is the highest common divisor of 13 and 91?
13
What is the greatest common divisor of 11481 and 1335?
267
What is the greatest common divisor of 13 and 611?
13
What is the highest common factor of 42 and 147?
21
Calculate the highest common factor of 544 and 1836.
68
Calculate the highest common divisor of 1971 and 1168.
73
What is the highest common divisor of 682 and 11?
11
Calculate the greatest common divisor of 1112 and 32.
8
What is the highest common divisor of 11804 and 13?
13
What is the highest common factor of 20 and 7360?
20
What is the greatest common factor of 152 and 72?
8
Calculate the highest common divisor of 63 and 81.
9
What is the highest common divisor of 151 and 15704?
151
What is the greatest common divisor of 48 and 180?
12
Calculate the greatest common divisor of 195 and 3835.
65
Calculate the highest common divisor of 33 and 3.
3
What is the highest common factor of 5800 and 28?
4
Calculate the highest common divisor of 21 and 28.
7
Calculate the highest common divisor of 158 and 1501.
79
Calculate the greatest common divisor of 146 and 2263.
73
What is the highest common factor of 24 and 2244?
12
Calculate the greatest common divisor of 1309 and 2431.
187
What is the highest common factor of 910 and 52?
26
What is the greatest common factor of 490 and 90?
10
Calculate the greatest common factor of 324 and 90.
18
Calculate the greatest common factor of 6 and 1182.
6
What is the greatest common divisor of 308 and 88?
44
Calculate the greatest common divisor of 384 and 12.
12
What is the highest common factor of 369 and 3116?
41
Calculate the highes